{"id":123,"date":"2021-01-30T16:44:52","date_gmt":"2021-01-30T13:44:52","guid":{"rendered":"https:\/\/richberg.net\/?page_id=123"},"modified":"2021-01-30T16:59:54","modified_gmt":"2021-01-30T13:59:54","slug":"internet-satis","status":"publish","type":"page","link":"https:\/\/richberg.net\/index.php\/internet-satis\/","title":{"rendered":"\u0130nternet sat\u0131\u015f"},"content":{"rendered":"\t\t<div data-elementor-type=\"wp-page\" data-elementor-id=\"123\" class=\"elementor elementor-123\" data-elementor-settings=\"[]\">\n\t\t\t\t\t\t<div class=\"elementor-inner\">\n\t\t\t\t\t\t\t<div class=\"elementor-section-wrap\">\n\t\t\t\t\t\t\t<section class=\"elementor-section elementor-top-section elementor-element elementor-element-38aafaf elementor-section-stretched elementor-section-boxed elementor-section-height-default elementor-section-height-default\" data-id=\"38aafaf\" data-element_type=\"section\" data-settings=\"{&quot;stretch_section&quot;:&quot;section-stretched&quot;}\">\n\t\t\t\t\t\t<div class=\"elementor-container elementor-column-gap-default\">\n\t\t\t\t\t\t\t<div class=\"elementor-row\">\n\t\t\t\t\t<div class=\"elementor-column elementor-col-50 elementor-top-column elementor-element elementor-element-ed61e2a\" data-id=\"ed61e2a\" data-element_type=\"column\">\n\t\t\t<div class=\"elementor-column-wrap elementor-element-populated\">\n\t\t\t\t\t\t\t<div class=\"elementor-widget-wrap\">\n\t\t\t\t\t\t<div class=\"elementor-element elementor-element-a4abfda elementor-invisible elementor-widget elementor-widget-image\" data-id=\"a4abfda\" data-element_type=\"widget\" data-settings=\"{&quot;_animation&quot;:&quot;fadeInLeft&quot;}\" data-widget_type=\"image.default\">\n\t\t\t\t<div class=\"elementor-widget-container\">\n\t\t\t\t\t<div class=\"elementor-image\">\n\t\t\t\t\t\t\t\t\t\t\t<a href=\"https:\/\/richberg.net\/index.php\/urun-kategori\/jeans\/\">\n\t\t\t\t\t\t\t<img loading=\"lazy\" decoding=\"async\" width=\"669\" height=\"1024\" src=\"https:\/\/richberg.net\/wp-content\/uploads\/2021\/01\/jean1-669x1024.jpg\" class=\"attachment-large size-large\" alt=\"\" srcset=\"https:\/\/richberg.net\/wp-content\/uploads\/2021\/01\/jean1-669x1024.jpg 669w, https:\/\/richberg.net\/wp-content\/uploads\/2021\/01\/jean1-600x918.jpg 600w, https:\/\/richberg.net\/wp-content\/uploads\/2021\/01\/jean1-196x300.jpg 196w, https:\/\/richberg.net\/wp-content\/uploads\/2021\/01\/jean1-230x352.jpg 230w, https:\/\/richberg.net\/wp-content\/uploads\/2021\/01\/jean1-350x535.jpg 350w, https:\/\/richberg.net\/wp-content\/uploads\/2021\/01\/jean1-480x734.jpg 480w, https:\/\/richberg.net\/wp-content\/uploads\/2021\/01\/jean1.jpg 706w\" sizes=\"auto, (max-width: 669px) 100vw, 669px\" \/>\t\t\t\t\t\t\t\t<\/a>\n\t\t\t\t\t\t\t\t\t\t\t<\/div>\n\t\t\t\t<\/div>\n\t\t\t\t<\/div>\n\t\t\t\t<div class=\"elementor-element elementor-element-2e7815f elementor-align-justify elementor-widget elementor-widget-button\" data-id=\"2e7815f\" data-element_type=\"widget\" data-widget_type=\"button.default\">\n\t\t\t\t<div class=\"elementor-widget-container\">\n\t\t\t\t\t<div class=\"elementor-button-wrapper\">\n\t\t\t<a href=\"https:\/\/richberg.net\/index.php\/urun-kategori\/jeans\/\" class=\"elementor-button-link elementor-button elementor-size-sm elementor-animation-shrink\" role=\"button\">\n\t\t\t\t\t\t<span class=\"elementor-button-content-wrapper\">\n\t\t\t\t\t\t<span class=\"elementor-button-text\">JEANS<\/span>\n\t\t<\/span>\n\t\t\t\t\t<\/a>\n\t\t<\/div>\n\t\t\t\t<\/div>\n\t\t\t\t<\/div>\n\t\t\t\t\t\t<\/div>\n\t\t\t\t\t<\/div>\n\t\t<\/div>\n\t\t\t\t<div class=\"elementor-column elementor-col-50 elementor-top-column elementor-element elementor-element-21178fe\" data-id=\"21178fe\" data-element_type=\"column\">\n\t\t\t<div class=\"elementor-column-wrap elementor-element-populated\">\n\t\t\t\t\t\t\t<div class=\"elementor-widget-wrap\">\n\t\t\t\t\t\t<div class=\"elementor-element elementor-element-791c26e elementor-invisible elementor-widget elementor-widget-image\" data-id=\"791c26e\" data-element_type=\"widget\" data-settings=\"{&quot;_animation&quot;:&quot;fadeInRight&quot;}\" data-widget_type=\"image.default\">\n\t\t\t\t<div class=\"elementor-widget-container\">\n\t\t\t\t\t<div class=\"elementor-image\">\n\t\t\t\t\t\t\t\t\t\t\t<a href=\"https:\/\/richberg.net\/index.php\/urun-kategori\/mont\/\">\n\t\t\t\t\t\t\t<img loading=\"lazy\" decoding=\"async\" width=\"703\" height=\"1024\" src=\"https:\/\/richberg.net\/wp-content\/uploads\/2021\/01\/mont1-703x1024.jpg\" class=\"attachment-large size-large\" alt=\"\" srcset=\"https:\/\/richberg.net\/wp-content\/uploads\/2021\/01\/mont1-703x1024.jpg 703w, https:\/\/richberg.net\/wp-content\/uploads\/2021\/01\/mont1-600x874.jpg 600w, https:\/\/richberg.net\/wp-content\/uploads\/2021\/01\/mont1-206x300.jpg 206w, https:\/\/richberg.net\/wp-content\/uploads\/2021\/01\/mont1-230x335.jpg 230w, https:\/\/richberg.net\/wp-content\/uploads\/2021\/01\/mont1-350x510.jpg 350w, https:\/\/richberg.net\/wp-content\/uploads\/2021\/01\/mont1-480x699.jpg 480w, https:\/\/richberg.net\/wp-content\/uploads\/2021\/01\/mont1.jpg 727w\" sizes=\"auto, (max-width: 703px) 100vw, 703px\" \/>\t\t\t\t\t\t\t\t<\/a>\n\t\t\t\t\t\t\t\t\t\t\t<\/div>\n\t\t\t\t<\/div>\n\t\t\t\t<\/div>\n\t\t\t\t<div class=\"elementor-element elementor-element-ae00808 elementor-align-justify elementor-widget elementor-widget-button\" data-id=\"ae00808\" data-element_type=\"widget\" data-widget_type=\"button.default\">\n\t\t\t\t<div class=\"elementor-widget-container\">\n\t\t\t\t\t<div class=\"elementor-button-wrapper\">\n\t\t\t<a href=\"https:\/\/richberg.net\/index.php\/urun-kategori\/mont\/\" class=\"elementor-button-link elementor-button elementor-size-sm elementor-animation-shrink\" role=\"button\">\n\t\t\t\t\t\t<span class=\"elementor-button-content-wrapper\">\n\t\t\t\t\t\t<span class=\"elementor-button-text\">MONT<\/span>\n\t\t<\/span>\n\t\t\t\t\t<\/a>\n\t\t<\/div>\n\t\t\t\t<\/div>\n\t\t\t\t<\/div>\n\t\t\t\t\t\t<\/div>\n\t\t\t\t\t<\/div>\n\t\t<\/div>\n\t\t\t\t\t\t\t\t<\/div>\n\t\t\t\t\t<\/div>\n\t\t<\/section>\n\t\t\t\t\t\t<\/div>\n\t\t\t\t\t\t<\/div>\n\t\t\t\t\t<\/div>\n\t\t","protected":false},"excerpt":{"rendered":"<p>JEANS MONT<\/p>\n","protected":false},"author":1,"featured_media":0,"parent":0,"menu_order":0,"comment_status":"closed","ping_status":"closed","template":"","meta":{"footnotes":""},"class_list":["post-123","page","type-page","status-publish","hentry"],"yoast_head":"<!-- This site is optimized with the Yoast SEO plugin v15.7 - https:\/\/yoast.com\/wordpress\/plugins\/seo\/ -->\n<title>\u0130nternet sat\u0131\u015f &laquo; R\u0130CHBERG JEANS<\/title>\n<meta name=\"robots\" content=\"index, follow, max-snippet:-1, max-image-preview:large, max-video-preview:-1\" \/>\n<link rel=\"canonical\" href=\"https:\/\/richberg.net\/index.php\/internet-satis\/\" \/>\n<meta property=\"og:locale\" content=\"tr_TR\" \/>\n<meta property=\"og:type\" content=\"article\" \/>\n<meta property=\"og:title\" content=\"\u0130nternet sat\u0131\u015f &laquo; R\u0130CHBERG JEANS\" \/>\n<meta property=\"og:description\" content=\"JEANS MONT\" \/>\n<meta property=\"og:url\" content=\"https:\/\/richberg.net\/index.php\/internet-satis\/\" \/>\n<meta property=\"og:site_name\" content=\"R\u0130CHBERG JEANS\" \/>\n<meta property=\"article:modified_time\" content=\"2021-01-30T13:59:54+00:00\" \/>\n<meta property=\"og:image\" content=\"https:\/\/richberg.net\/wp-content\/uploads\/2021\/01\/jean1-669x1024.jpg\" \/>\n<meta name=\"twitter:card\" content=\"summary_large_image\" \/>\n<meta name=\"twitter:label1\" content=\"Tahmini okuma s\u00fcresi\">\n\t<meta name=\"twitter:data1\" content=\"1 dakika\">\n<script type=\"application\/ld+json\" class=\"yoast-schema-graph\">{\"@context\":\"https:\/\/schema.org\",\"@graph\":[{\"@type\":\"Organization\",\"@id\":\"https:\/\/richberg.net\/#organization\",\"name\":\"richberg jeans\",\"url\":\"https:\/\/richberg.net\/\",\"sameAs\":[],\"logo\":{\"@type\":\"ImageObject\",\"@id\":\"https:\/\/richberg.net\/#logo\",\"inLanguage\":\"tr\",\"url\":\"https:\/\/richberg.net\/wp-content\/uploads\/2021\/01\/LOGO-RICHBERG-2.png\",\"width\":590,\"height\":195,\"caption\":\"richberg jeans\"},\"image\":{\"@id\":\"https:\/\/richberg.net\/#logo\"}},{\"@type\":\"WebSite\",\"@id\":\"https:\/\/richberg.net\/#website\",\"url\":\"https:\/\/richberg.net\/\",\"name\":\"R\\u0130CHBERG JEANS\",\"description\":\"\",\"publisher\":{\"@id\":\"https:\/\/richberg.net\/#organization\"},\"potentialAction\":[{\"@type\":\"SearchAction\",\"target\":\"https:\/\/richberg.net\/?s={search_term_string}\",\"query-input\":\"required name=search_term_string\"}],\"inLanguage\":\"tr\"},{\"@type\":\"ImageObject\",\"@id\":\"https:\/\/richberg.net\/index.php\/internet-satis\/#primaryimage\",\"inLanguage\":\"tr\",\"url\":\"https:\/\/richberg.net\/wp-content\/uploads\/2021\/01\/jean1.jpg\",\"width\":706,\"height\":1080},{\"@type\":\"WebPage\",\"@id\":\"https:\/\/richberg.net\/index.php\/internet-satis\/#webpage\",\"url\":\"https:\/\/richberg.net\/index.php\/internet-satis\/\",\"name\":\"\\u0130nternet sat\\u0131\\u015f &laquo; R\\u0130CHBERG JEANS\",\"isPartOf\":{\"@id\":\"https:\/\/richberg.net\/#website\"},\"primaryImageOfPage\":{\"@id\":\"https:\/\/richberg.net\/index.php\/internet-satis\/#primaryimage\"},\"datePublished\":\"2021-01-30T13:44:52+00:00\",\"dateModified\":\"2021-01-30T13:59:54+00:00\",\"inLanguage\":\"tr\",\"potentialAction\":[{\"@type\":\"ReadAction\",\"target\":[\"https:\/\/richberg.net\/index.php\/internet-satis\/\"]}]}]}<\/script>\n<!-- \/ Yoast SEO plugin. -->","_links":{"self":[{"href":"https:\/\/richberg.net\/index.php\/wp-json\/wp\/v2\/pages\/123","targetHints":{"allow":["GET"]}}],"collection":[{"href":"https:\/\/richberg.net\/index.php\/wp-json\/wp\/v2\/pages"}],"about":[{"href":"https:\/\/richberg.net\/index.php\/wp-json\/wp\/v2\/types\/page"}],"author":[{"embeddable":true,"href":"https:\/\/richberg.net\/index.php\/wp-json\/wp\/v2\/users\/1"}],"replies":[{"embeddable":true,"href":"https:\/\/richberg.net\/index.php\/wp-json\/wp\/v2\/comments?post=123"}],"version-history":[{"count":7,"href":"https:\/\/richberg.net\/index.php\/wp-json\/wp\/v2\/pages\/123\/revisions"}],"predecessor-version":[{"id":135,"href":"https:\/\/richberg.net\/index.php\/wp-json\/wp\/v2\/pages\/123\/revisions\/135"}],"wp:attachment":[{"href":"https:\/\/richberg.net\/index.php\/wp-json\/wp\/v2\/media?parent=123"}],"curies":[{"name":"wp","href":"https:\/\/api.w.org\/{rel}","templated":true}]}}