{"id":23,"date":"2021-01-23T21:00:26","date_gmt":"2021-01-23T18:00:26","guid":{"rendered":"https:\/\/richberg.net\/?page_id=23"},"modified":"2021-01-24T13:31:56","modified_gmt":"2021-01-24T10:31:56","slug":"yeni-sezon","status":"publish","type":"page","link":"https:\/\/richberg.net\/index.php\/yeni-sezon\/","title":{"rendered":"Yeni sezon"},"content":{"rendered":"","protected":true},"excerpt":{"rendered":"","protected":true},"author":1,"featured_media":0,"parent":0,"menu_order":0,"comment_status":"closed","ping_status":"closed","template":"","meta":{"footnotes":""},"class_list":["post-23","page","type-page","status-publish","post-password-required","hentry"],"yoast_head":"<!-- This site is optimized with the Yoast SEO plugin v15.7 - https:\/\/yoast.com\/wordpress\/plugins\/seo\/ -->\n<title>Yeni sezon &laquo; R\u0130CHBERG JEANS<\/title>\n<meta name=\"robots\" content=\"index, follow, max-snippet:-1, max-image-preview:large, max-video-preview:-1\" \/>\n<link rel=\"canonical\" href=\"https:\/\/richberg.net\/index.php\/yeni-sezon\/\" \/>\n<meta property=\"og:locale\" content=\"tr_TR\" \/>\n<meta property=\"og:type\" content=\"article\" \/>\n<meta property=\"og:title\" content=\"Yeni sezon &laquo; R\u0130CHBERG JEANS\" \/>\n<meta property=\"og:description\" content=\"Burada al\u0131nt\u0131 yok \u00e7\u00fcnk\u00fc bu yaz\u0131 korumal\u0131.\" \/>\n<meta property=\"og:url\" content=\"https:\/\/richberg.net\/index.php\/yeni-sezon\/\" \/>\n<meta property=\"og:site_name\" content=\"R\u0130CHBERG JEANS\" \/>\n<meta property=\"article:modified_time\" content=\"2021-01-24T10:31:56+00:00\" \/>\n<meta name=\"twitter:card\" content=\"summary_large_image\" \/>\n<script type=\"application\/ld+json\" class=\"yoast-schema-graph\">{\"@context\":\"https:\/\/schema.org\",\"@graph\":[{\"@type\":\"Organization\",\"@id\":\"https:\/\/richberg.net\/#organization\",\"name\":\"richberg jeans\",\"url\":\"https:\/\/richberg.net\/\",\"sameAs\":[],\"logo\":{\"@type\":\"ImageObject\",\"@id\":\"https:\/\/richberg.net\/#logo\",\"inLanguage\":\"tr\",\"url\":\"https:\/\/richberg.net\/wp-content\/uploads\/2021\/01\/LOGO-RICHBERG-2.png\",\"width\":590,\"height\":195,\"caption\":\"richberg jeans\"},\"image\":{\"@id\":\"https:\/\/richberg.net\/#logo\"}},{\"@type\":\"WebSite\",\"@id\":\"https:\/\/richberg.net\/#website\",\"url\":\"https:\/\/richberg.net\/\",\"name\":\"R\\u0130CHBERG JEANS\",\"description\":\"\",\"publisher\":{\"@id\":\"https:\/\/richberg.net\/#organization\"},\"potentialAction\":[{\"@type\":\"SearchAction\",\"target\":\"https:\/\/richberg.net\/?s={search_term_string}\",\"query-input\":\"required name=search_term_string\"}],\"inLanguage\":\"tr\"},{\"@type\":\"WebPage\",\"@id\":\"https:\/\/richberg.net\/index.php\/yeni-sezon\/#webpage\",\"url\":\"https:\/\/richberg.net\/index.php\/yeni-sezon\/\",\"name\":\"Yeni sezon &laquo; R\\u0130CHBERG JEANS\",\"isPartOf\":{\"@id\":\"https:\/\/richberg.net\/#website\"},\"datePublished\":\"2021-01-23T18:00:26+00:00\",\"dateModified\":\"2021-01-24T10:31:56+00:00\",\"inLanguage\":\"tr\",\"potentialAction\":[{\"@type\":\"ReadAction\",\"target\":[\"https:\/\/richberg.net\/index.php\/yeni-sezon\/\"]}]}]}<\/script>\n<!-- \/ Yoast SEO plugin. -->","_links":{"self":[{"href":"https:\/\/richberg.net\/index.php\/wp-json\/wp\/v2\/pages\/23","targetHints":{"allow":["GET"]}}],"collection":[{"href":"https:\/\/richberg.net\/index.php\/wp-json\/wp\/v2\/pages"}],"about":[{"href":"https:\/\/richberg.net\/index.php\/wp-json\/wp\/v2\/types\/page"}],"author":[{"embeddable":true,"href":"https:\/\/richberg.net\/index.php\/wp-json\/wp\/v2\/users\/1"}],"replies":[{"embeddable":true,"href":"https:\/\/richberg.net\/index.php\/wp-json\/wp\/v2\/comments?post=23"}],"version-history":[{"count":1,"href":"https:\/\/richberg.net\/index.php\/wp-json\/wp\/v2\/pages\/23\/revisions"}],"predecessor-version":[{"id":24,"href":"https:\/\/richberg.net\/index.php\/wp-json\/wp\/v2\/pages\/23\/revisions\/24"}],"wp:attachment":[{"href":"https:\/\/richberg.net\/index.php\/wp-json\/wp\/v2\/media?parent=23"}],"curies":[{"name":"wp","href":"https:\/\/api.w.org\/{rel}","templated":true}]}}